{"id":42,"date":"2020-10-17T11:31:02","date_gmt":"2020-10-17T08:31:02","guid":{"rendered":"http:\/\/www.aslmetal.com\/saklibahcem.com\/?page_id=42"},"modified":"2022-01-26T11:04:22","modified_gmt":"2022-01-26T08:04:22","slug":"hakkimizda","status":"publish","type":"page","link":"https:\/\/www.gemliksaklibahce.com\/?page_id=42","title":{"rendered":"Hakk\u0131m\u0131zda"},"content":{"rendered":"\n<div class=\"wp-block-image is-style-rounded\"><figure class=\"aligncenter size-medium\"><img src=\"http:\/\/www.gemliksaklibahce.com\/wp-content\/uploads\/2022\/01\/WhatsApp-Image-2022-01-26-at-10.46.16-300x300.jpeg\" alt=\"\" class=\"wp-image-83\"\/><\/figure><\/div>\n\n\n\n<h2 class=\"has-text-align-center\" id=\"sakli-bahce-gemlik-zeytin\"><strong>SAKLI BAH\u00c7E GEML\u0130K ZEYT\u0130N<\/strong><\/h2>\n\n\n\n<p>Gemlik Sakl\u0131 Bah\u00e7e Zeytin bir Mask Group markas\u0131d\u0131r. Mask 1 G\u0131da A.\u015e. daha \u00f6ncesi Ankara\u2019da olmak \u00fczere 1993 y\u0131l\u0131ndan beri \u0130stanbul\u2019da perakende sekt\u00f6r\u00fcne sat\u0131\u015f, da\u011f\u0131t\u0131m ve pazarlama alanlar\u0131nda hizmet veren bir kadro taraf\u0131ndan kurulmu\u015f ve y\u00f6netilmektedir. MASK 1 GIDA A\u015e. Mask Grup b\u00fcnyesindeki b\u00fct\u00fcn \u015firketler gibi hizmet verdi\u011fi firmalara alan\u0131nda en kaliteli markalar\u0131 en \u00fcst\u00fcn hizmet kalitesi ile ula\u015ft\u0131rma ilkesini benimsemi\u015ftir. Kurmu\u015f oldu\u011fu sistemler ve yeti\u015ftirmi\u015f oldu\u011fu profesyonel kadrosu ile sat\u0131\u015f noktalar\u0131 aras\u0131ndaki zinciri olu\u015fturup \u00fcreticinin \u00fcr\u00fcnlerini en fazla noktaya ula\u015ft\u0131rarak perakendecinin ve toptanc\u0131n\u0131n da alan\u0131nda en kaliteli \u00fcr\u00fcne en uygun \u015fartlarda ula\u015fabilmesini sa\u011flamaktad\u0131r.<\/p>\n\n\n\n<p>Vizyonumuz; \u00dclkemiz genelinde ko\u015fulsuz m\u00fc\u015fteri memnuniyetini hedefleyerek sekt\u00f6r\u00fcm\u00fcze art\u0131 de\u011fer kazand\u0131rmay\u0131 ilke edinmi\u015f sekt\u00f6r\u00fcn \u00f6nde gelen firmalar\u0131ndan biri olabilmektir.<\/p>\n\n\n\n<p>Misyonumuz; G\u0131da sekt\u00f6r\u00fcn\u00fcn var olan sat\u0131\u015f hizmetini, geni\u015f \u00fcr\u00fcn yelpazesi ile g\u00fcvenilir, etkin, uygun ekonomik ko\u015fullarda, rekabet\u00e7i fiyatlarla h\u0131zl\u0131 ve yayg\u0131n bir \u015fekilde sunmak, sonu\u00e7lar\u0131n\u0131 izlemek, devaml\u0131l\u0131\u011f\u0131n\u0131 sa\u011flamak ve de\u011ferlendirmektir.<\/p>\n\n\n\n<p><\/p>\n","protected":false},"excerpt":{"rendered":"<div class=\"slide-text-bg2\">\n<h3>SAKLI BAH\u00c7E GEML\u0130K ZEYT\u0130N Gemlik Sakl\u0131 Bah\u00e7e Zeytin bir Mask Group markas\u0131d\u0131r. Mask 1 G\u0131da A.\u015e. daha \u00f6ncesi Ankara\u2019da olmak<\/h3>\n<\/div>\n<div class=\"flex-btn-div\"><a href=\"https:\/\/www.gemliksaklibahce.com\/?page_id=42\" class=\"btn1 flex-btn\">Daha fazlas\u0131n\u0131 oku<\/a><\/div>\n","protected":false},"author":1,"featured_media":0,"parent":0,"menu_order":0,"comment_status":"closed","ping_status":"closed","template":"fullwidth.php","meta":[],"_links":{"self":[{"href":"https:\/\/www.gemliksaklibahce.com\/index.php?rest_route=\/wp\/v2\/pages\/42"}],"collection":[{"href":"https:\/\/www.gemliksaklibahce.com\/index.php?rest_route=\/wp\/v2\/pages"}],"about":[{"href":"https:\/\/www.gemliksaklibahce.com\/index.php?rest_route=\/wp\/v2\/types\/page"}],"author":[{"embeddable":true,"href":"https:\/\/www.gemliksaklibahce.com\/index.php?rest_route=\/wp\/v2\/users\/1"}],"replies":[{"embeddable":true,"href":"https:\/\/www.gemliksaklibahce.com\/index.php?rest_route=%2Fwp%2Fv2%2Fcomments&post=42"}],"version-history":[{"count":4,"href":"https:\/\/www.gemliksaklibahce.com\/index.php?rest_route=\/wp\/v2\/pages\/42\/revisions"}],"predecessor-version":[{"id":94,"href":"https:\/\/www.gemliksaklibahce.com\/index.php?rest_route=\/wp\/v2\/pages\/42\/revisions\/94"}],"wp:attachment":[{"href":"https:\/\/www.gemliksaklibahce.com\/index.php?rest_route=%2Fwp%2Fv2%2Fmedia&parent=42"}],"curies":[{"name":"wp","href":"https:\/\/api.w.org\/{rel}","templated":true}]}}